ns digit of l(-2)?
9
Suppose 0 = -4*t - 2*s + 48895 - 13501, -5*s - 17715 = -2*t. What is the units digit of t?
0
Let f be 184/1 - (-23 + 15). Suppose 164*d - f*d + 10304 = 0. What is the units digit of d?
8
Let n be -7 + -3 + (-56)/(-7). What is the hundreds digit of ((-584)/(-5) - n)*(-45)/(-6)?
8
Suppose 4*n = 5*s + 287 - 723, 0 = 5*s + 4*n - 404. What is the thousands digit of ((-82)/24)/(28/s)*-132?
1
Let m = 5117 - -404. Suppose 16*p - m = 3599. What is the units digit of p?
0
What is the tens digit of (229*-635)/(-26 - -28)*20/(-25)?
6
Let w(f) = f**3 + 35*f**2 + 40*f + 212. Let c be w(-34). What is the units digit of 24068*4/64 + 6/c?
5
Suppose 0 = -21*f + 11*f - 30. What is the hundreds digit of (-9295)/(-25) + f + 64/20?
3
What is the tens digit of 112856/(-6)*2/(6 - (-220)/(-30))?
1
Let q(x) be the third derivative of 0 + 22*x**2 - 5/3*x**3 + 0*x + 29/24*x**4. What is the tens digit of q(3)?
7
Suppose -t - 5*a = -0*t - 7, 5*a = 15. Let x(i) = 2*i + 18. Let y be x(t). Suppose y*p - 111 - 43 = 0. What is the units digit of p?
7
Let o(r) = 25*r**2 - 13*r - 27. Let g be o(7). Suppose 278 = q + z, -3*q + g = q + 3*z. What is the tens digit of q?
7
Let f be 2 + (1 - (-13 - -7)). Suppose 6*o - f*o - 5*y + 1709 = 0, -2*o - 5*y + 1136 = 0. What is the tens digit of o?
7
Suppose -2*o - 2*o = -1456. Suppose 359*w = o*w - 175. What is the tens digit of w?
3
Suppose 62*y - 149432 = -14*y + 303984. What is the hundreds digit of y?
9
Suppose 0 = -3*p - 14*c + 34260, -2*c = -10*p + 11*p - 11420. What is the hundreds digit of p?
4
Let g = -91 - -96. Suppose 0 = -20*i + g*i + 19230. What is the units digit of i?
2
What is the thousands digit of (-1)/(-1) + 116*8697/52?
9
Suppose 145 + 145 = 58*o. Suppose 27*s = -o*s + 30720. What is the units digit of s?
0
Suppose 3101 = 4*m - 735. Suppose -m + 161 = -14*x. Suppose -d + x = 5*w + 4, 3*d - 2*w - 176 = 0. What is the tens digit of d?
5
Suppose -40*r - 263*r = 44*r - 8300587. What is the units digit of r?
1
Let r be (-18)/4*(-6)/3. Let h(l) = 75*l + 33. Let n be h(r). Suppose -3*q + n = 3*q. What is the tens digit of q?
1
Suppose r = -4*t + 6*r + 3305, 2*t - 1663 = -r. Let p = -365 + t. What is the tens digit of p?
6
Let o(b) = 2*b**2 - 3*b. Let m be o(-3). Suppose h - 7*v - 25 = -10*v, v + 4 = 0. Suppose -h = -t + m. What is the units digit of t?
4
Suppose -3*x + 12 = -9. Suppose 4*b - y - 204 = 0, 5*b - x*y = -2*y + 240. What is the tens digit of b?
5
Let c = -3279 - -9908. What is the hundreds digit of c?
6
Let j = 85 + -81. Suppose 2*q - 3*z - 650 = -6*z, j*q - 1300 = -5*z. Suppose 7*d - 1165 + q = 0. What is the tens digit of d?
2
Suppose 0 = -4*p - 2 - 22. What is the units digit of ((-938)/6)/(p/18)?
9
Suppose -3*g + 14 = -10. Suppose -v - g = -5. What is the units digit of (-173)/v + (-3)/(-9)?
8
Suppose -10109 - 28519 - 2954 = -17*n. What is the thousands digit of n?
2
Suppose u = -2*u + 6. Suppose -u*v = v + 6. Let y(r) = -33*r - 4. What is the units digit of y(v)?
2
Let c = -2285 - -14909. What is the ten thousands digit of c?
1
Let u(n) = -7*n + 65. Let k be u(8). Suppose k*g - 5*g - 156 = 0. What is the tens digit of g?
3
Suppose 2*b - 6*q + 24 = -q, -3*q + 12 = 0. What is the thousands digit of (b*(-1 - -3) + 573)*2?
1
What is the units digit of ((0 + 591)/((-9)/(-9)))/(27/675)?
5
Suppose -16*k = -19314 - 46574. What is the units digit of k?
8
Let z(x) = 4*x**3 - x**2 + x. Let m be z(1). Suppose m*r = r - r. Suppose -u - 3*n + 113 = r, 3*u + 14 = -5*n + 349. What is the units digit of u?
0
Suppose -2059 = -u - 4*c, 2*u - 7*u = -2*c - 10273. Suppose 0 = 5*k + 145 + u. What is the units digit of k/(-5)*2/2?
8
Let h be ((-5)/10)/(2/(-12)). Suppose 0 = -2*o + 20 - 12. Suppose -3*m + m + h = 5*j, o*m + 2*j = 30. What is the units digit of m?
9
Let a = 37 + 79. Suppose -4*q - 2*v = -0*q - a, 0 = q + 4*v - 29. Let u = -12 + q. What is the units digit of u?
7
Let g(k) = -3*k**2 + 6*k - 10. Let z(f) = -4*f**2 + 5*f - 10. Let o(h) = 3*g(h) - 2*z(h). Let u be o(8). What is the tens digit of (-25)/u - (-99)/2?
5
Suppose 11*q + 7740 = 14*q. Suppose q = -8*a + 14*a. What is the hundreds digit of a?
4
What is the hundreds digit of (-8 + 4 + 4185/10)*24?
9
Suppose 6*z = 10*z + 36. Let i = 12 + z. Suppose -4*u - 5*d + 127 = 0, i*u + d - 78 = 3*d. What is the tens digit of u?
2
Let f be 8 - ((-4)/(-2) - 0). Let j be f/(-4) + (-26)/(-4). Suppose -3*h + 109 = 5*g, 2*h - j*g = 5 + 101. What is the tens digit of h?
4
Let k = 1527 - -2746. What is the thousands digit of k?
4
Let c(a) = -7*a**2 - 62*a + 9. Let d be c(-9). Suppose 4*x - 3*f - 2142 = d, 5*x - 966 = f + 1717. What is the hundreds digit of x?
5
Let b(x) = -2297*x - 556. What is the hundreds digit of b(-8)?
8
Suppose 601*y + 175500 = 627*y. What is the units digit of y?
0
Let q = 18601 - 8729. What is the thousands digit of q?
9
Let y be 4 - ((-4)/(-20)*0 + 0). Suppose -6*l + 7*l - y*v = 16, -2*l = -4*v - 32. What is the tens digit of l?
1
Suppose 0 = b - 5*n - 19117, -20673 = 2*b - 5*n - 58897. What is the tens digit of b?
0
Let v = 37165 + -20070. What is the hundreds digit of v?
0
What is the units digit of -2 + 6 + 2/3*(-1400109)/(-82)?
7
Let g(l) be the second derivative of 17*l**3/3 - 8*l**2 - 93*l. Suppose 29 = 3*b - 5*p - 3, -3*b + 2*p + 20 = 0. What is the units digit of g(b)?
0
Suppose 0 = -2*t, 1 = 3*u - 3*t - 2. Suppose -u + 9 = 2*r. Suppose -3*c + 2*f = -119, -6*c = -r*c + f - 70. What is the units digit of c?
7
Suppose -237*r - 10 = -242*r. What is the tens digit of 3849/6 + (-2 - -3)/r?
4
Suppose -i + 3 = -4*g, -3*i + 2*g + 11 - 2 = 0. Suppose -1230 = i*y - 5241. What is the hundreds digit of y?
3
Suppose 42*t - 46*t = 60. Let b = -5 - t. What is the tens digit of 18/5*b/(-4)*-3?
2
Let l(o) = 44*o - 10. Suppose f = -k + 1, -k + f + 4*f + 25 = 0. Let r be l(k). Suppose 3*p + r = 3*t, -5*t - p = -464 + 126. What is the units digit of t?
8
Let p be (-160)/(-12) - 4/(-6). Suppose 5*f - p*f = -621. What is the tens digit of 2/(-3 + 209/f)?
6
Let d be 4*((-2)/(-4) + (0 - 2)). What is the tens digit of 494*(-9)/(d - 3)?
9
Let g = -1 - -3. Suppose -11*y + 259 = -423. Let k = g + y. What is the tens digit of k?
6
What is the tens digit of (1 - 17 - -18)*13238?
7
Let w(j) = j + 7. Let u be w(2). Suppose u*x - 133 = 2*x. Suppose 131 = 4*n - 3*i, 4*n = -2*i + 107 + x. What is the tens digit of n?
3
Let n = 21967 + 6190. What is the tens digit of n?
5
Let w(y) = 1128*y + 253 - 2240*y + 1138*y. What is the hundreds digit of w(12)?
5
What is the tens digit of 19008/20*915/122?
2
What is the tens digit of -5*4/20*-10757?
5
Suppose -2*b = -4*z - 234, -4*b + 0*z - 5*z + 468 = 0. Let k = -762 - -747. Let a = k + b. What is the units digit of a?
2
Suppose -5*u + 3*u + 174 = 0. Let s = u - -23. Suppose -r - s = -2*r. What is the hundreds digit of r?
1
Suppose 0 = 2*z - n + 5 - 3, 0 = -4*n + 8. Suppose -s + q = 0, z = 3*s - 15*q + 19*q - 28. What is the units digit of s?
4
Suppose -367 = -2*u + 673. Let y be (u/50)/(-2 - (-384)/190). Suppose 2*p = -2, 5*h + 4*p = 3*p + y. What is the units digit of h?
9
Suppose 0 = a - 4*v - 89 - 410, 3*a - 1437 = -3*v. Suppose -z + a = 5*w, -2*w = -4*z + 5*z - 195. Let g = -36 + w. What is the units digit of g?
0
Let k = -82 - 234. What is the hundreds digit of k/(-10)*60/8?
2
Let r be 11 - (4 + (2 - 0)). Suppose 3*k = 6, -3*k - 1621 = -r*l - k. What is the units digit of l?
5
Suppose -3*x + 2*y + 98463 = 0, -2*x - 486*y = -490*y - 65658. What is the units digit of x?
7
Suppose -p - 40 = -3*m, -p - 8 - 4 = -m. Suppose m*c + 340 = 15*c. Suppose -86 = -2*w + c. What is the units digit of w?
3
Let r be (14/21)/(-1*(-1)/(-4677)). What is the tens digit of (-20)/(-160) + r/(-16)?
9
Let s(q) = 87*q**2 - 18*q + 22. What is the units digit of s(2)?
4
Let r(x) be the third derivative of x**4 - x**3/3 + 10*x**2. Let s be r(-1). Let p = s - -81. What is the tens digit of p?
5
What is the hundreds digit of (-37)/((-6 + 6381/1062)*-2)?
1
Let v(z) be the first derivative of -7*z**2 + 17*z + 176. What is the tens digit of v(-50)?
1
Suppose 5*l - 6*l = 3*b + 7, 4*l - 28 = 2*b. Suppose -l*j = -3*i + 2209, 0 = 20*i - 19*i + 2*j - 751. What is the hundreds digit of i?
7
Suppose 26 - 18 = 2*m. Let a be m + ((-1)/3)/(2/6). Suppose 5*d = -2